 3. Let h be i(4). Give c(h).
-9
Let f(a) = 723*a**2 - 2 + 10 + 0 + 8*a - 713*a**2. Let p be f(-1). Let c(v) = -v**3 + 9*v**2 + 8*v - 2. Give c(p).
-22
Let r(n) = -28*n**2 + 5*n**3 + 5646*n - 20 - 5587*n - 6*n**3. Calculate r(-30).
10
Let b = 56 - 50. Let o(a) = a - 9*a**2 - 2*a + 1 - 4*a**2 + 7*a**2 - b*a**2. Determine o(1).
-12
Let z(g) = -92*g - 22 + 40*g + g**3 + 69*g + 88*g**2 - 106*g**2. Calculate z(17).
-22
Let p(h) = -h**3 - 21*h**2 - 20*h + 16. Let a be p(-20). Let t(m) = -m**3 + 18*m**2 - 29*m - 47. Let k be t(a). Let i(z) = -28*z. Calculate i(k).
-28
Let y(z) = 52*z**2 - 82*z + 146. Let t(a) = 7*a**2 - 11*a + 21. Let i(h) = 15*t(h) - 2*y(h). Calculate i(0).
23
Let i be -427 - -9 - 0/(-4). Let j = i + 412. Let o(b) = 2*b + 6. What is o(j)?
-6
Let u(q) = -7*q**2 + 4*q + 4. Let z be u(-2). Let l = z - -36. Let p(a) = 10*a - l - 5 - a**2 - 3. What is p(8)?
4
Let u(z) = z**2 + 3*z + 1. Let d(q) = -q**3 - 11*q**2 + 12*q - 2. Let w = 63 + -75. Let s be d(w). Let j be (12*(-6)/(-9))/s. Calculate u(j).
5
Let r(q) be the first derivative of -q**3/3 - 7*q**2/2 + 5*q + 4209. Give r(-13).
-73
Let l = 54 - 39. Let q(y) = l*y**2 - 44*y**2 + 1 + 15*y**2 - y + 13*y**2. Let w = -2 - -3. Give q(w).
-1
Let y(q) = -12 + 69 - 24 + 2*q. What is y(-17)?
-1
Let w(b) = -56*b + 6. Let x be w(1). Let m be (-2)/(-3)*375/x. Let d(v) = -v - 3. Calculate d(m).
2
Let f be 303 - ((-20)/80 - 3/4). Let h be f/133 + (12/(-21))/2. Let c(v) = 8*v + 20. Let n(x) = 3*x + 7. Let w(o) = -6*c(o) + 17*n(o). Give w(h).
5
Let o(c) = -c**2 + 5*c - 1. Let s be 4/(4 + -5) + 1 - -5. Suppose 0 = -18*d + s*d + 32. What is o(d)?
5
Let h(z) = 6*z**2 + 89*z + 20. Let a(u) = -5*u**2 - 64*u - 19. Let f(w) = -4*a(w) - 3*h(w). Calculate f(6).
22
Let u(h) be the second derivative of -1/10*h**5 - 57*h + 1/3*h**3 + 1/12*h**4 + 1 + 1/2*h**2. Suppose -3*n + 2 = -2*j + 3*j, 3*j = -4*n + 1. Give u(j).
2
Let v = -812 + 805. Let q(l) = -2*l**2 - 28*l + 9. Let w(a) = -2*a**2 - 24*a + 8. Let d(z) = v*w(z) + 6*q(z). Give d(-2).
6
Suppose -8 = 5*m + 12. Let s(g) = -g**3 + 6*g**2 - 8*g + 17. Let q be s(5). Let o(a) = -a**q - 193 - 189 - 3*a + 381. What is o(m)?
-5
Let v(f) = 555*f**3 + 3*f - f - 556*f**3 - 20*f**2 - 6*f**2 + 46. Calculate v(-26).
-6
Let x(w) = -4*w. Let s = -164 - -179. Let v be (5/s)/((-1)/12). What is x(v)?
16
Let v = 5535 + -5538. Let q(h) = -2*h - 1 + 2*h**2 - 1 - h**2. Calculate q(v).
13
Suppose -4*r - 31 = -3*b + r, -5*r - 35 = -5*b. Let f(s) = 1 + 15 + b*s - 2 - 10. Calculate f(-6).
-8
Let l(g) = 6529 - 10*g - 3276 + g - g**2 - 2*g - 3275. What is l(-2)?
-4
Let s(o) = 2*o - 46. Let b be s(5). Let i = b + 30. Let l(j) = j**2 + 6*j + 1. Calculate l(i).
1
Let f = -8 - -4. Let g(i) = 3*i**2 - 14*i - 700. Let d(x) = x**2 - 3*x - 175. Let y(p) = 4*d(p) - g(p). Determine y(f).
8
Let m(w) = 4*w**2 - 31*w + 6. Let p(c) = -c**2 + 15*c + 1. Let k(a) = m(a) + 3*p(a). Calculate k(-5).
-36
Suppose 203*q - 1241 = 7*q - 457. Let k(l) = -2*l**2 + 6*l - 15. Calculate k(q).
-23
Suppose -13*v - 140 = -49. Let d(k) be the third derivative of -3*k**2 + 1/60*k**5 + 0*k - k**3 + 7/24*k**4 + 0. What is d(v)?
-6
Let k be (-2 - -19) + -1 + -6. Let b(d) be the first derivative of -d**3/3 + 5*d**2 + 2*d - 75. What is b(k)?
2
Let o(d) be the second derivative of 13*d**3/6 + 7*d**2 + 265*d - 2. What is o(-1)?
1
Let u(p) = -120*p + 58. Let i(d) = 97*d - 57. Let g(s) = -5*i(s) - 4*u(s). Give g(13).
-12
Let d(n) = n**2 - 9*n - 36. Let t(u) = 589*u + 2940. Let c be t(-5). Calculate d(c).
34
Let a(n) be the second derivative of 14*n + 0 + 0*n**4 - 1/6*n**3 - 1/2*n**2 + 1/20*n**5. Let t = 3 + -4. Determine a(t).
-1
Let a = 247081 - 247077. Let d(z) = -13*z - 23. Let t(u) = 7*u + 12. Let j(x) = -6*d(x) - 11*t(x). Determine j(a).
10
Let p(l) = -l**3 + 4*l**2 + l + 3. Let q be p(4). Let b(d) = -5*d + q*d + 7*d. Suppose -5*k - 4*m = -15, 3*k = 4*m - 134 + 111. Give b(k).
-9
Let t be (2/(-9))/(6*(-3)/162). Suppose 2*n - 12 = t*h, 4*h - 106*n = -101*n - 26. Let u(g) = -g**3 - 4*g**2 + 2*g. Calculate u(h).
-8
Let w(c) = 10*c**3 + c**2 - 1. Let k = -171 - -311. Suppose 5*t - t - k = 0. Suppose 31*u = t*u + 4. Determine w(u).
-10
Let o(p) = p**3 + p**2 - 15*p - 11. Let a = -4741 + 4737. What is o(a)?
1
Let j be (35 + -36)*(0 + -2). Let x(b) = -b**3 - 1 - 3*b - 12*b**j - b**2 - 16 + 7*b**2. Give x(-6).
1
Let j(s) be the second derivative of 37*s**3/6 - 38*s**2 - 4*s + 63. Determine j(2).
-2
Suppose 147 = a + 3*j, 0 = a - 3*j + 4*j - 141. Let n(m) = 7 - a*m + 134*m - 3. Let o(b) = b - 2. Let h be o(5). Determine n(h).
-8
Let b(t) = 136*t + 40. Let f(d) = -90*d - 39. Let l(i) = 2*b(i) + 3*f(i). What is l(11)?
-15
Let q(t) = -2*t**2 + 15*t + 15. Let l be q(8). Let v(k) = 3 + k + 0 - l*k**2 - 4 + k**3. Let c(p) = 6*p**2 - p + 1. Let g(d) = 7*c(d) + 6*v(d). Give g(1).
6
Let y(g) = g - 5. Let t = 125 - 130. Let a be (0/(-3) - -14)*t/10. What is y(a)?
-12
Suppose -100 = 7*h - 2*h + 5*o, 0 = 2*h - 2*o + 32. Let j be -20*2/h - (-10)/(-45). Suppose -j*f + m = -8, -f + 13 = 4*m - 0. Let y(z) = -z + 1. Determine y(f).
-4
Let f = 56 - 54. Suppose -4*n - 17 = -f*k - n, -3*k + 3 = 3*n. Let q(t) = t**3 - 2*t**2 + t + 2. Determine q(k).
38
Let v(n) = n**2 + n. Let h(i) = -i + 16. Let g(o) = -2*o + 33. Let z(d) = -4*g(d) + 9*h(d). Let f be z(16). What is v(f)?
12
Let q(g) be the first derivative of -g**4/4 - 5*g**3/3 - g**2/2 + 98. Let j = -11 - -14. Suppose 3*o + 15 = -5*f, -j*o + 5*f = 2*o + 25. Calculate q(o).
5
Let y(d) = -11*d**3 + 2*d**2 - 3*d - 4. Let x be y(-1). Suppose 5*k - 4*k = x. Let c(n) = 1 + k*n + 4*n**2 - 3*n - 13*n**2 - 7*n. What is c(-1)?
-10
Let h(v) be the first derivative of -3*v**4/4 - 2*v**3/3 + 4*v**2 - 4*v + 3188. Determine h(3).
-79
Let k(m) = m**3 - 12*m + 7*m + 4*m**2 - 7 - 2*m. Let b(v) = -2*v**2 + 18*v + 26 + 32 + v**2. Let o be b(21). Give k(o).
3
Let j(l) = 145*l + 128*l**3 + 138*l**3 + 17 - 267*l**3 - 145*l. Let n = -1 - -1. Give j(n).
17
Let x(h) be the second derivative of -h**5/10 + h**4/6 - h**3/2 + 5*h**2/2 - 983*h. Suppose -3*g - 5*t = -21, 3*g - 7*g - 4*t + 20 = 0. What is x(g)?
-9
Suppose 0 = -q - 3*d + 15, -4*q = d - 47 - 35. Let n(c) = c - q - 21 + 55. Determine n(0).
13
Let q(t) = -32*t**3 - 76*t**2 - 41*t - 81. Let i(r) = 7*r**3 + 17*r**2 + 9*r + 18. Let a(s) = -23*i(s) - 5*q(s). Give a(-11).
13
Let a(n) = -15*n + 388. Let m be a(22). Let i(s) = 11 - s + 12 + 20 - m + 13. Give i(2).
-4
Let m(c) = 45 + 6*c + 5*c - 27. Let w be m(-2). Let s(o) = -o**2 - 5*o + 4. Calculate s(w).
8
Suppose 2*s - 69 + 347 = 2*g, s = 4*g - 559. Let y(v) = -g*v - 4 + 282*v - 147*v. Determine y(-5).
21
Let l(w) = 38*w - 72. Let z be l(2). Suppose -34 = z*x - 3*b, b = -5*x - 0*b - 33. Let g(c) = c**2 + 6*c - 8. Calculate g(x).
-1
Let r(w) = -w**3 + 7*w**2 + w - 9. Suppose -52 = t - 5*t. Suppose 49 = 9*u + t. Suppose u*h - 2*v = 28, -h + 2*v + 1 = -6. What is r(h)?
-2
Let o(i) = 3*i**2 - i - 6. Let p(x) = -8*x**2 + 3*x + 17. Let d(m) = 17*o(m) + 6*p(m). Let f be (-1)/3 + ((-6400)/15)/4. Let q = f + 109. Determine d(q).
14
Suppose d - 1 - 3 = 0. Let t be 6/((-13)/(286/(-33))). Let u(w) = 0*w - d - t*w + 7 + 7*w. Determine u(-4).
-9
Let j(i) = -i**3 + 88*i**2 - 85*i - 169. Let x be j(87). Let z(f) = 22*f - 10. Give z(x).
100
Suppose -a = 4*t - 20, -11*t - 29*a + 54 = -26*a. Let v(j) = -4*j + 50. Determine v(t).
26
Let c(u) = u**2 - 2*u. Let a = 44 - 24. Suppose v + 5 = -3*r, -r + 0*r + 4*v + a = 0. Suppose 2*m = -4*j + 45 - 15, -j + 4*m - 15 = r. Give c(j).
15
Let u(b) be the third derivative of b**4/12 - 11*b**3/6 - 5*b**2. Let p = 1434 - 1427. What is u(p)?
3
Let y(g) = 9*g - 2901433 + g**2 + 2901524 - 2*g - 2*g**2. Calculate y(11).
47
Let g = -54 + 45. Let a(n) = n**3 - 2*n**2 + 13*n. Let x(q) = q**3 - 4*q**2 + 14*q + 2. Let u(t) = -7*a(t) + 6*x(t). Calculate u(g).
-6
Suppose -5*y - 2*k + 26 = 0, -y + 12*k - 8*k = -36. Let i(o) be the first derivative of o**2 + 3*o + 1. Calculate i(y).
19
Let w(l) = -335*l**2 - 7*l - 38*l + 0*l - 7 + 5*l + 333*l**2. What is w(-19)?
31
Let f(j) = 3*j**2 - 2*j + 2. Let w(b) = 11*b**3 - 12*b**2 + 11*b - 6. Let l(x) = -4*f(x) - w(x). Calculate l(-2).
92
Let i(t) be the first derivative of t**3 - 9*t**2/2 + 4*t - 664. Determine i(4).
16
Let i(p) = 15 - 26 - 2*p + 18 + 4*p - 21. Calculate i(6)